{"id":2686,"date":"2024-05-24T11:47:10","date_gmt":"2024-05-24T11:47:10","guid":{"rendered":"https:\/\/www.kollen.design\/product\/loop-base-module\/"},"modified":"2025-01-28T11:24:12","modified_gmt":"2025-01-28T11:24:12","slug":"loop-base-module","status":"publish","type":"product","link":"https:\/\/www.kollen.design\/es\/product\/loop-base-module\/","title":{"rendered":"Loop Base Module"},"content":{"rendered":"","protected":false},"excerpt":{"rendered":"<p>Base circular de 50 cm de di\u00e1metro realizada en contrachapado fen\u00f3lico lacado mate, con pieza cil\u00edndrica de madera maciza de haya de 6 cm de di\u00e1metro y 93 cm de altura.<\/p>\n","protected":false},"featured_media":2118,"template":"","meta":{"_acf_changed":false,"_seopress_robots_primary_cat":"","_seopress_titles_title":"","_seopress_titles_desc":"","_seopress_robots_index":"","_mo_disable_npp":"","inline_featured_image":false},"product_brand":[],"product_cat":[47],"product_tag":[],"class_list":{"0":"post-2686","1":"product","2":"type-product","3":"status-publish","4":"has-post-thumbnail","6":"product_cat-loop-accessories-es","8":"first","9":"instock","10":"taxable","11":"shipping-taxable","12":"purchasable","13":"product-type-simple"},"acf":[],"_links":{"self":[{"href":"https:\/\/www.kollen.design\/es\/wp-json\/wp\/v2\/product\/2686","targetHints":{"allow":["GET"]}}],"collection":[{"href":"https:\/\/www.kollen.design\/es\/wp-json\/wp\/v2\/product"}],"about":[{"href":"https:\/\/www.kollen.design\/es\/wp-json\/wp\/v2\/types\/product"}],"wp:featuredmedia":[{"embeddable":true,"href":"https:\/\/www.kollen.design\/es\/wp-json\/wp\/v2\/media\/2118"}],"wp:attachment":[{"href":"https:\/\/www.kollen.design\/es\/wp-json\/wp\/v2\/media?parent=2686"}],"wp:term":[{"taxonomy":"product_brand","embeddable":true,"href":"https:\/\/www.kollen.design\/es\/wp-json\/wp\/v2\/product_brand?post=2686"},{"taxonomy":"product_cat","embeddable":true,"href":"https:\/\/www.kollen.design\/es\/wp-json\/wp\/v2\/product_cat?post=2686"},{"taxonomy":"product_tag","embeddable":true,"href":"https:\/\/www.kollen.design\/es\/wp-json\/wp\/v2\/product_tag?post=2686"}],"curies":[{"name":"wp","href":"https:\/\/api.w.org\/{rel}","templated":true}]}}

<p>Base circular de 50 cm de diámetro realizada en contrachapado fenólico lacado mate, con pieza cilíndrica de madera maciza de haya de 6 cm de diámetro y 93 cm de altura.</p>
